 + 3*k + 4. Let m(c) = 5*g(c) + l(c). Determine m(v).
4
Let b(w) = -w**2 + 7*w - 2. Let x be b(6). Let r(j) = -5*j - 4. Let d(i) = -3*i - 2. Let h(z) = 7*d(z) - 4*r(z). What is h(x)?
-2
Let p(k) = 2*k - 2*k - 3*k + 4*k - 2. Give p(2).
0
Let b = -315 + 312. Let r(t) be the third derivative of t**4/8 + 2*t**3/3 - t**2. What is r(b)?
-5
Let s(m) = -m**3 + 2*m**2 + 5*m + 1. Suppose -i - 77 = -3*f, 0*i = -4*f + 5*i + 121. Let z be (4 - 1)/(f/32). Calculate s(z).
-11
Suppose -4*l - v = -1 + 10, 4*l = -5*v + 3. Suppose -2*p + 3*f - 5*f = -4, 5*p = -f + 10. Let i(h) = 0 - 2*h**p - 3*h + 3 + 0. Give i(l).
-6
Let p(u) = -u**2 + 8 + 20 - 3*u - 22. What is p(-5)?
-4
Let y(k) = -2*k - 6 + 0*k + k. Give y(-4).
-2
Let c(o) = 2*o**3 + 9*o**2 + 4*o + 4. Let y be c(-4). Let z(f) = -f**3 + 2*f**2 + 5*f + 3. Calculate z(y).
-9
Let t be (20 - 20)*(-2)/(-6). Let f(u) = 3*u + 11 - 4*u + 2*u. What is f(t)?
11
Let f(p) = p**2 + 2*p - 2. Let b(v) = -v**3 + 5*v**2 + 3. Let j be b(5). Suppose 0*o + j = -o. Calculate f(o).
1
Let z(q) = 3*q**3 + 1. Let i(m) be the first derivative of -m**4/4 + 14*m**3/3 + m - 8. Let n be i(14). What is z(n)?
4
Suppose 4*z = -4 + 12. Let a(d) = 0 - 1 + 5 + 2*d**z + 8*d. Calculate a(-5).
14
Let m be (1 + -1)/(-2 + 3). Let q = m - 4. Let c(a) be the first derivative of -a**4/4 - 4*a**3/3 + 2*a**2 + 6*a + 1. Give c(q).
-10
Let m(d) = -16*d + 8. Let i be m(1). Let x(c) = -c**2 - 8*c - 9. What is x(i)?
-9
Let v(d) = -19 - 21 + 17*d - 7*d. Let p(h) = 2*h - 5. Let a(s) = -2*s + 6. Let c(g) = -3*a(g) - 2*p(g). Let f(y) = -14*c(y) + 3*v(y). Determine f(6).
4
Let y(k) = -k**3 + 9*k**2 - 7*k - 1. Let a = 23 + -15. Determine y(a).
7
Let s(r) = 11*r**2 - 8*r + 2. Let z(b) = 5*b**2 - 4*b + 1. Let h(g) = 6*s(g) - 13*z(g). What is h(-5)?
4
Suppose -q - 8 = -5*q. Let v(o) = o**3 + o**2 - o - 1. Let r(g) = g + 4*g**2 - 4 - 3*g - 4*g + 7*g**3. Let b(x) = r(x) - 6*v(x). Calculate b(q).
2
Suppose m = -2*u - 1, 4*m - 5*u = -3*u + 26. Let w(p) = 5*p + 9 - 4*p - m. Suppose 0 = -0*d - d - 4*q - 5, 4*q = d - 11. Determine w(d).
7
Let n be -4*(2 - 2/4). Let o be 3/(-9) + (-14)/n. Let t(p) = 3*p + 4*p**2 - p**2 - 2*p**o + 2. Give t(-2).
0
Let a(c) be the first derivative of 3*c**3 + c**2/2 - 2. Let m(t) = -t**3 + 9*t**2 - t + 8. Let i be m(9). Give a(i).
8
Let p(z) = z**3 - z**2 + z. Let c(v) = -v**3 - 6*v**2 - 12*v + 2. Let l(o) = -c(o) - 2*p(o). What is l(9)?
7
Let c be 1/(3 + 51/(-18)). Let z be (-1 + -3)*(c - 7). Let y(x) = x + 11. Let b(r) = 5. Let u(a) = 5*b(a) - 2*y(a). What is u(z)?
-5
Let y be (0 - 0) + 1 + 31. Suppose -o - 15 = 5*n - 4, 2*n + y = -5*o. Let h be (3/(-9))/(2/o). Let s(r) = -2*r**3 + 2*r**2 - 1. Determine s(h).
-1
Suppose 19 = h + 4*v - 8, -3*v = -3. Let m(j) = 4*j**2 - h*j + 22*j - 3*j**2 + 1. Let s be (-3)/(-2 - -1) - 2. Give m(s).
1
Let u(a) = 3*a**2 + 2*a - 3. Let y(t) = -3*t**2 - t + 3. Let b(v) = -5*u(v) - 6*y(v). What is b(-2)?
17
Let p(d) = -d**2 - 9*d - 5. Let w be p(-8). Let s(m) = -2*m**w + 3*m**3 + 5*m - 2 + 6*m**2 + 0*m**3. Let h be ((-4)/8*-1)/(1/(-10)). Determine s(h).
-2
Let k(l) = -3*l + 28. Let q be k(9). Let z(g) = -10*g**3 + 2*g**2 - 2*g + 1. What is z(q)?
-9
Let c(n) = n + 9. Let t be c(-7). Suppose -t*z = 3*z - 25. Let i(o) be the third derivative of -o**4/24 + o**3/6 + o**2. What is i(z)?
-4
Let i(m) = -14*m**3 + 18*m**2 + 5*m - 2. Let l(v) = 5*v**3 - 6*v**2 - 2*v + 1. Let f(w) = 4*i(w) + 11*l(w). Give f(6).
-9
Let m = 2 + 1. Let x(f) = -2*f + 1. Let b(q) = -q. Let w be ((-4)/(-2))/(-3 + 1). Let d(c) = w*x(c) + b(c). Determine d(m).
2
Let w(x) = -x**2 - 2*x + 1. Suppose -2*a - 4*d - 28 = 0, 15 = a - 6*a + d. Give w(a).
-7
Let o(a) = a - 3. Suppose 4 = -4*z, p - 7 = 4*z - 3. Determine o(p).
-3
Let n(a) = a + 1. Let l(x) = -3*x - 28. Let c be l(-10). Determine n(c).
3
Let a(u) = -23*u**3 - 7*u**2 - 2*u - 7. Let g(v) = 11*v**3 + 3*v**2 + v + 3. Let p(f) = 2*a(f) + 5*g(f). Give p(-1).
-8
Let y(q) = 3*q + 2. Suppose 0*b - 5*b = -5*z - 5, -3*b + 5 = -4*z. What is y(z)?
-4
Let x(v) be the third derivative of v**7/1008 + 3*v**5/20 - 8*v**2. Let l(o) be the third derivative of x(o). Calculate l(1).
5
Let s(u) = -3*u - 3*u + 11 + 5*u - 6. Determine s(6).
-1
Let i(f) be the third derivative of f**5/60 - 3*f**4/8 + f**3/3 + 10*f**2. Determine i(8).
-6
Let n be ((1 - 1)/3)/1. Suppose -a + 4*z = -14, -2*a - 3*z - 4 - 1 = n. Let d(l) = -2*l - 4. Let k(p) = -2*p - 3. Let u(q) = 2*d(q) - 3*k(q). Give u(a).
5
Let j(u) = -14*u + 3. Let g(k) = -15*k + 3. Let h(c) = -10*c + 2. Let r(m) = 5*g(m) - 8*h(m). Let t(y) = -6*j(y) - 17*r(y). What is t(-5)?
4
Let p(v) = v. Let l(q) = -7*q - 1. Let s(c) = -l(c) - 6*p(c). Let y be s(0). Let o(k) = -5*k + 1. What is o(y)?
-4
Let x(r) = -r**2 - 6*r - 2. Let v be 2 - 3/((-6)/16). Suppose -5*h - v = -3*h. Determine x(h).
3
Let n(w) be the second derivative of 3*w + 0 + 1/12*w**4 + 0*w**2 - 7/6*w**3. Suppose 0 = 5*d + 2*t - 17, 0 = -d + t - 0*t + 9. What is n(d)?
-10
Let p(a) = -a**3 + 7*a**2 - 4*a - 5. Suppose l - 2*r = -0*r + 3, -r + 1 = 0. Determine p(l).
25
Suppose 2*y + 4 = -2*y. Let v(o) = -5*o**3 - 3. Suppose -3*s - 15 = 2*s. Let t(x) = -6*x**3 - 4. Let r(q) = s*v(q) + 2*t(q). Give r(y).
-2
Let i(b) = -b**3 - 7*b**2 - 4*b + 8. Let n be (2/(-4))/((-2)/8). Let u be (-112)/(-18) + n/(-9). Let c be (-6)/(-2) + (-3 - u). Calculate i(c).
-4
Let d be -1 + -2 + -2 + 0. Let t be d/10 - 18/(-4). Suppose 4*c = -5*p + 2, -14 = -t*c + 4*p + 6. Let q(w) = -2*w - 4. Give q(c).
-10
Suppose 5*q - 15 = 2*q. Let z(l) = 0*l**2 - 3 - l**3 + 3*l**2 + 3*l**2 - 4*l. What is z(q)?
2
Let f be (-1 + 1)/(-7 + 5). Let u(z) = z**3 - z**2 + z - 14. Give u(f).
-14
Let r(u) be the third derivative of -u**5/60 + u**3/2 - 14*u**2. Calculate r(0).
3
Let u be (-28)/(-12) - 1/3. Let b(n) = 4 - 12*n + 0*n**2 + 7*n - n**u. Let t = 5 - 10. Calculate b(t).
4
Suppose 0 = 3*g - 2*n - 4, n = 4*g + 2*n - 9. Let i be g/(1/(-2)*-2). Let f(w) = 4*w - 3. What is f(i)?
5
Let a(g) = -g + 3. Suppose -4*d + 10 = -30. Suppose 4*p = 3*x + 22, x + x = -2*p - d. Calculate a(x).
9
Let h(n) = 2*n - 1. Let w be h(-2). Let v(l) be the first derivative of 5*l**2/2 + 6*l + 1. Let c(s) = s + 1. Let x(p) = 11*c(p) - 2*v(p). Determine x(w).
-6
Let j(d) be the second derivative of d**4/12 + 4*d**3/3 + 3*d**2/2 + 19*d. Determine j(-7).
-4
Suppose 0 = -5*u + 6 + 9. Let m(q) = -7*q - 4 + 6 + 7*q**2 - q**3 + u. Calculate m(6).
-1
Suppose 3*w + 6 = 3*q - q, 5*q + 10 = -5*w. Let f = 1 - q. Let c(n) = -3*n**3 - 2*n**2 + n. Give c(f).
-4
Let n = -5 - -5. Suppose a + 0*a = n. Let g(k) = -k + 7. Calculate g(a).
7
Suppose -b + 2 = -2. Let j(k) = -4 - 11 - 6 - k**2 + 16 + 7*k. Give j(b).
7
Let s(q) = -q**3 - 3*q**2 + 2. Let n be s(-2). Let z(g) = 2*g**3 + g**2 - g + 1. What is z(n)?
-9
Let f(m) = m**3 - 6*m**2 + 6*m. Suppose -2*o + 7*o - 15 = 0. Suppose b + o*t = t + 28, b - 5*t = -7. Suppose -43 = -5*r - b. Give f(r).
5
Let i(q) = -q**2 - q. Let k(a) = -a**2 - 12*a - 3. Let r(h) = 2*i(h) - k(h). Determine r(8).
19
Suppose -11 - 22 = -b - 5*f, 3*f - 80 = -2*b. Let d(y) = 0*y**2 + 3 + b*y**3 + 0*y**2 - 44*y**3 - 2*y. Calculate d(2).
-9
Let j(v) be the second derivative of -v**7/2520 + v**6/120 - v**5/24 + 5*v**4/12 - 5*v. Let a(u) be the third derivative of j(u). Calculate a(6).
-5
Suppose -5*z + 23 = 3. Let b(v) = -v**2 + 6*v - 2. Determine b(z).
6
Suppose f + 10 = 3*f. Let p(x) = f + x - 5*x + 3*x. Let j(a) = -a**3 - 14*a**2 + 2*a + 33. Let o be j(-14). Calculate p(o).
0
Let r be ((-1)/1)/((-3)/15). Let s(w) = r*w - 2*w - w + 3 - 3*w. Determine s(0).
3
Let f(x) = x**3 - 6*x**2 + 5*x + 2. Let u be f(5). Let b be u/3 - (-8)/6. Let l(a) = 3 + b - 1 - 5 + a**2. What is l(0)?
-1
Let b(p) = p**2 - 3*p - 7. Let s be b(5). Suppose -3*j + v = 18, s*j - v = 4*j + 2. Let k(m) = m + 12. Calculate k(j).
7
Let d(t) = -6*t**2 - 2*t + 7. Suppose u + q + 1 = 0, -5*u - 3*q - 5 = -u. Let h(z) = -3*z**2 - z + 3. Let a(l) = u*d(l) + 5*h(l). What is a(1)?
-3
Let x(s) = 3*s + 3*s - 4*s - 5 + 2. Give x(-3).
-9
Let d(f) = 9*f + 1. Suppose 2*y - 10 = -3*m + 3, -5*m = 3*y - 22. Determine d(y).
-8
Let n(o) = -6*o**3 + o**3 + o**2 + 3 + 2*o - 2 + 0*o**3. Calculate n(-1).
5
Let r(b) = b**2 - 5*b + 2. Let w(q) = 2*q**3 - 8*q**2 + 2*q - 4. Let l be w(4). What is r(l)?
-2
Let w(k) = -2*k. Let v(z) = -z**3 